he prime factors of 5845181.
743, 7867
What are the prime factors of 58245?
3, 5, 11, 353
What are the prime factors of 1189437?
3, 396479
What are the prime factors of 2120301?
3, 23, 10243
List the prime factors of 401926.
2, 7, 19, 1511
List the prime factors of 5938826.
2, 47, 63179
List the prime factors of 147037.
11, 13367
List the prime factors of 480915.
3, 5, 10687
What are the prime factors of 3435250?
2, 5, 7, 13, 151
What are the prime factors of 6526760?
2, 5, 163169
List the prime factors of 2322190.
2, 5, 13, 17863
List the prime factors of 54420.
2, 3, 5, 907
List the prime factors of 7978.
2, 3989
What are the prime factors of 8177816?
2, 17, 157, 383
List the prime factors of 140196.
2, 3, 7, 1669
List the prime factors of 3110565.
3, 5, 207371
What are the prime factors of 189321?
3, 11, 5737
What are the prime factors of 1645258?
2, 149, 5521
List the prime factors of 12980240.
2, 5, 7, 13, 1783
List the prime factors of 830931.
3, 276977
List the prime factors of 545581.
17, 67, 479
What are the prime factors of 200915?
5, 11, 13, 281
What are the prime factors of 257086?
2, 191, 673
What are the prime factors of 1160529?
3, 131, 2953
List the prime factors of 5811636.
2, 3, 484303
List the prime factors of 764434.
2, 11, 34747
List the prime factors of 6215176.
2, 11, 70627
List the prime factors of 15613748.
2, 3903437
What are the prime factors of 17382287?
13, 937, 1427
What are the prime factors of 7981077?
3, 13, 113, 1811
What are the prime factors of 1823213?
7, 181, 1439
List the prime factors of 581286.
2, 3, 19, 5099
What are the prime factors of 26878112?
2, 571, 1471
What are the prime factors of 5253830?
2, 5, 337, 1559
List the prime factors of 1504146.
2, 3, 7, 59, 607
What are the prime factors of 26475?
3, 5, 353
What are the prime factors of 4351982?
2, 2175991
What are the prime factors of 661471?
269, 2459
What are the prime factors of 30105203?
43, 373, 1877
What are the prime factors of 3580071?
3, 11, 157, 691
List the prime factors of 122391.
3, 1511
List the prime factors of 44412.
2, 3, 3701
What are the prime factors of 2150553?
3, 19, 29, 1301
What are the prime factors of 245909?
245909
What are the prime factors of 739506?
2, 3, 59, 2089
What are the prime factors of 2999385?
3, 5, 66653
What are the prime factors of 686919?
3, 17, 13469
List the prime factors of 339999.
3, 11, 10303
List the prime factors of 1557285.
3, 5, 17, 31, 197
List the prime factors of 12172450.
2, 5, 137, 1777
List the prime factors of 1520722.
2, 7, 19, 5717
List the prime factors of 2025538.
2, 1012769
List the prime factors of 497323.
497323
List the prime factors of 13278.
2, 3, 2213
List the prime factors of 1270216.
2, 158777
List the prime factors of 1794302.
2, 421, 2131
List the prime factors of 500901.
3, 166967
List the prime factors of 4005083.
751, 5333
List the prime factors of 32558095.
5, 43, 151433
What are the prime factors of 5007238?
2, 23, 199, 547
What are the prime factors of 186833?
83, 2251
List the prime factors of 2769.
3, 13, 71
List the prime factors of 2858864.
2, 197, 907
What are the prime factors of 3629328?
2, 3, 75611
What are the prime factors of 310360?
2, 5, 7759
List the prime factors of 4528828.
2, 877, 1291
What are the prime factors of 162931?
61, 2671
List the prime factors of 161395.
5, 13, 191
List the prime factors of 802683.
3, 7, 31, 137
List the prime factors of 1718578.
2, 31, 53, 523
What are the prime factors of 1602729?
3, 37, 4813
List the prime factors of 99329.
71, 1399
List the prime factors of 2226809.
13, 171293
List the prime factors of 70529.
70529
List the prime factors of 17014497.
3, 5671499
List the prime factors of 4270816.
2, 11, 1103
List the prime factors of 422809.
23, 31, 593
List the prime factors of 11824.
2, 739
What are the prime factors of 6869475?
3, 5, 10177
List the prime factors of 304641.
3, 3761
List the prime factors of 222605.
5, 211
What are the prime factors of 8782842?
2, 3, 53, 71, 389
List the prime factors of 3059815.
5, 11, 55633
What are the prime factors of 156132?
2, 3, 4337
List the prime factors of 12706690.
2, 5, 1270669
List the prime factors of 14498131.
331, 43801
What are the prime factors of 2375641?
2375641
What are the prime factors of 199040?
2, 5, 311
What are the prime factors of 939540?
2, 3, 5, 7, 2237
What are the prime factors of 33822845?
5, 7, 29, 47, 709
List the prime factors of 1076499.
3, 119611
What are the prime factors of 459152?
2, 28697
List the prime factors of 13766841.
3, 11, 15451
What are the prime factors of 323340?
2, 3, 5, 17, 317
What are the prime factors of 13770937?
53, 259829
What are the prime factors of 351534?
2, 3, 41, 1429
List the prime factors of 617352.
2, 3, 29, 887
List the prime factors of 1632690.
2, 3, 5, 6047
List the prime factors of 348007.
11, 17, 1861
List the prime factors of 2835912.
2, 3, 118163
What are the prime factors of 152916?
2, 3, 12743
What are the prime factors of 11583462?
2, 3, 11, 293, 599
List the prime factors of 237079.
79, 3001
What are the prime factors of 8947490?
2, 5, 894749
What are the prime factors of 11190187?
11190187
List the prime factors of 26270248.
2, 43, 76367
List the prime factors of 7095438.
2, 3, 7, 6257
What are the prime factors of 276057?
3, 37, 829
What are the prime factors of 519439?
269, 1931
List the prime factors of 601427.
23, 79, 331
List the prime factors of 5591607.
3, 7, 59, 4513
List the prime factors of 17394889.
17394889
What are the prime factors of 545500?
2, 5, 1091
List the prime factors of 2812658.
2, 277, 5077
List the prime factors of 1147580.
2, 5, 7, 1171
What are the prime factors of 15127794?
2, 3, 11, 76403
List the prime factors of 1089421.
1089421
List the prime factors of 3114687.
3, 29, 35801
What are the prime factors of 17488935?
3, 5, 47, 8269
List the prime factors of 1123532.
2, 280883
List the prime factors of 18749926.
2, 13, 661, 1091
What are the prime factors of 1061506?
2, 530753
List the prime factors of 3754795.
5, 11, 233, 293
List the prime factors of 7917940.
2, 5, 395897
What are the prime factors of 557990?
2, 5, 55799
List the prime factors of 267276.
2, 3, 22273
What are the prime factors of 1952225?
5, 11, 31, 229
What are the prime factors of 2817281?
179, 15739
List the prime factors of 12801503.
11, 13, 89521
List the prime factors of 292088.
2, 29, 1259
List the prime factors of 2003660.
2, 5, 100183
List the prime factors of 1087136.
2, 53, 641
What are the prime factors of 1592351?
59, 137, 197
What are the prime factors of 22462590?
2, 3, 5, 419, 1787
List the prime factors of 271048.
2, 17, 1993
List the prime factors of 15344194.
2, 31, 379, 653
List the prime factors of 4957687.
7, 199, 3559
List the prime factors of 5754835.
5, 157, 7331
List the prime factors of 542019.
3, 79, 2287
List the prime factors of 1094683.
1094683
List the prime factors of 52346.
2, 7, 3739
What are the prime factors of 247806?
2, 3, 13, 353
List the prime factors of 363552.
2, 3, 7, 541
List the prime factors of 9458741.
41, 281, 821
What are the prime factors of 66403?
66403
List the prime factors of 5949122.
2, 2974561
What are the prime factors of 22931040?
2, 3, 5, 11, 43, 101
What are the prime factors of 305382?
2, 3, 7, 11, 661
What are the prime factors of 1020010?
2, 5, 102001
What are the prime factors of 18113462?
2, 61, 148471
What are the prime factors of 100726?
2, 50363
List the prime factors of 651461.
651461
What are the prime factors of 1120783?
1120783
What are the prime factors of 193073?
193073
List the prime factors of 56487.
3, 19, 991
List the prime factors of 1166045.
5, 101, 2309
What are the prime factors of 133321?
133321
What are the prime factors of 5189297?
1297, 4001
List the prime factors of 3942851.
11, 358441
What are the prime factors of 1138624?
2, 17791
List the prime factors of 1895024.
2, 17, 6967
What are the prime factors of 1184147?
619, 1913
What are the prime factors of 311577?
3, 7, 37, 401
List the prime factors of 6331018.
2, 181, 17489
List the prime factors of 188345.
5, 139, 271
What are the prime factors of 99585?
3, 5, 2213
What are the prime factors of 56581?
7, 59, 137
List the prime factors of 85688.
2, 10711
What are the pr